{"id":29,"date":"2020-07-02T17:11:12","date_gmt":"2020-07-02T15:11:12","guid":{"rendered":"https:\/\/grafconsult.at\/?page_id=29"},"modified":"2024-02-09T19:38:05","modified_gmt":"2024-02-09T18:38:05","slug":"geschaeftsfelder","status":"publish","type":"page","link":"https:\/\/grafconsult.at\/?page_id=29","title":{"rendered":"Gesch\u00e4ftsfelder"},"content":{"rendered":"<p><strong>In folgenden Bereichen haben wir Expertise:<\/strong><\/p>\n<ul>\n<li>Consulting-Beiratsfunktion (Aufsichtsratsfunktion)- auch bei Sanierungsauftr\u00e4gen<\/li>\n<li>Strategieanalysen und Strategieberatung<\/li>\n<li>Strategisches Marketing, Online, Social Media, Shop-Konzept<\/li>\n<li>Kosten- \/Einsparungspotentiale<\/li>\n<li>Medien-Betreuung und Medienkonzepte<\/li>\n<li>Unternehmensanalyse, Schwachstellen-Analyse<\/li>\n<li>Start up Betreuung<\/li>\n<li>Unternehmens\u00fcbergabe, Nachfolgel\u00f6sung, Familienl\u00f6sung<\/li>\n<li>Pensionscoaching (Retirement)<\/li>\n<\/ul>\n<p><strong>In all den Berufsjahren haben ich auszugsweise folgende Kunden &#8211; teils im Team, beraten:<\/strong><\/p>\n<p>CEMEX Beton, \u00d6BB Technik, Wiesbauer Wursterzeugung, BILLA Personalbereich,\u00a0Strategie\/Personalsuche Politischer Bereich, PORR Training, Richter Schuhe, Bank Austria, Landwirtschaftsministerium Green-Strategie, SIEMENS MED-Bereich, TREND Verlag und viele andere Unternehmen, die nicht genannt werden wollen.<\/p>\n","protected":false},"excerpt":{"rendered":"<p>In folgenden Bereichen haben wir Expertise: Consulting-Beiratsfunktion (Aufsichtsratsfunktion)- auch bei Sanierungsauftr\u00e4gen Strategieanalysen und Strategieberatung Strategisches Marketing, Online, Social Media, Shop-Konzept Kosten- \/Einsparungspotentiale Medien-Betreuung und Medienkonzepte Unternehmensanalyse, Schwachstellen-Analyse Start up Betreuung Unternehmens\u00fcbergabe, Nachfolgel\u00f6sung, Familienl\u00f6sung Pensionscoaching (Retirement) In all den Berufsjahren haben ich auszugsweise folgende Kunden &#8211; teils im Team, beraten: CEMEX Beton, \u00d6BB Technik, Wiesbauer Wursterzeugung, &hellip; <\/p>\n<p class=\"link-more\"><a href=\"https:\/\/grafconsult.at\/?page_id=29\" class=\"more-link\"><span class=\"screen-reader-text\">\u201eGesch\u00e4ftsfelder\u201c <\/span>weiterlesen<\/a><\/p>\n","protected":false},"author":2,"featured_media":0,"parent":0,"menu_order":0,"comment_status":"closed","ping_status":"closed","template":"","meta":{"footnotes":""},"class_list":["post-29","page","type-page","status-publish","hentry"],"_links":{"self":[{"href":"https:\/\/grafconsult.at\/index.php?rest_route=\/wp\/v2\/pages\/29","targetHints":{"allow":["GET"]}}],"collection":[{"href":"https:\/\/grafconsult.at\/index.php?rest_route=\/wp\/v2\/pages"}],"about":[{"href":"https:\/\/grafconsult.at\/index.php?rest_route=\/wp\/v2\/types\/page"}],"author":[{"embeddable":true,"href":"https:\/\/grafconsult.at\/index.php?rest_route=\/wp\/v2\/users\/2"}],"replies":[{"embeddable":true,"href":"https:\/\/grafconsult.at\/index.php?rest_route=%2Fwp%2Fv2%2Fcomments&post=29"}],"version-history":[{"count":20,"href":"https:\/\/grafconsult.at\/index.php?rest_route=\/wp\/v2\/pages\/29\/revisions"}],"predecessor-version":[{"id":98,"href":"https:\/\/grafconsult.at\/index.php?rest_route=\/wp\/v2\/pages\/29\/revisions\/98"}],"wp:attachment":[{"href":"https:\/\/grafconsult.at\/index.php?rest_route=%2Fwp%2Fv2%2Fmedia&parent=29"}],"curies":[{"name":"wp","href":"https:\/\/api.w.org\/{rel}","templated":true}]}}